of s(-9)?
5
Let t be (-1)/6 + (-26)/(-12). Let h = t - -2. Suppose 2*x = 2*v - 0*x - 14, h*v - 5*x = 31. What is the units digit of v?
4
Let l = -25 - -27. What is the units digit of l?
2
What is the units digit of 168/36*(7 + -1)?
8
Let d(f) = f**2 - 8*f - 6. Let r be d(9). Suppose r*x - 24 + 3 = 0. What is the units digit of x?
7
Let w(c) = -3*c**3 - 2*c**2 - 2*c - 1. Let o be w(-1). Suppose -s = -o*s + 46. What is the tens digit of s?
4
Let z(f) = 2*f**2 - 7*f - 6. Let k be z(6). Suppose -2 = 2*o - k. What is the units digit of o?
1
Let l = -18 + 37. What is the units digit of l?
9
Let h(n) = -11*n**2 + 7*n - 7. Let d(i) = 7*i**2 - 5*i + 5. Let r(j) = 8*d(j) + 5*h(j). Let x(o) = -o**2 + 7*o. Let z be x(6). What is the units digit of r(z)?
1
Let c = 90 - 64. Suppose 0 = 5*n + 2*y - 172, -2*n - 4*y + 82 - c = 0. What is the tens digit of n?
3
Let i = -3 - -3. Let c be (-10)/3*6/(-4). Let r = i + c. What is the units digit of r?
5
Suppose -11 = -2*v - 3. Let c(o) = -o + 7. Let t be c(v). Let x(u) = -u**2 + 4*u - 2. What is the units digit of x(t)?
1
Let z(d) = -d**3 - 5*d**2 - d + 8. Let t be z(-6). Let k = t - -4. Suppose -5*a - 4*i + k = 0, -3*a + 11 = 5*i - 11. What is the tens digit of a?
1
Let a(w) = -w**3 + 9*w**2 + 10*w - 10. Let v be a(9). Let h = v - 53. What is the units digit of h?
7
Let m = 17 + -37. Let r be m/(-9) - (-6)/(-27). Suppose -3*w = -5*w + r. What is the units digit of w?
1
Let a(q) = -q**3 + 7*q**2 - 7*q. Let p be a(6). Let g be p/(-3) - (-5 - 0). Let v(f) = f**2 - 8*f + 8. What is the units digit of v(g)?
1
Suppose -s - 3*f + 54 = 0, 2*s + 2*s = 2*f + 230. Suppose -2*j + s + 36 = 5*m, -3*m + 3*j + 39 = 0. What is the units digit of m?
7
Let s(w) = -w**3 + 5*w**2 + 4*w + 1. Let n be s(4). Let d = 10 - n. Let g = -11 - d. What is the units digit of g?
2
Let w(a) = 8*a + 4. What is the tens digit of w(1)?
1
Let d be (6/18)/((-1)/(-63)). Let y = -2 + d. Suppose -2*f + 0*b = -5*b - y, -f + 23 = 2*b. What is the units digit of f?
7
Suppose -1 = -4*w + 3. Suppose 0 = 5*f + w - 6. What is the units digit of f?
1
Let f be 4/(-18) + 2/9. Suppose -2*c + 5*n = -4, c - 2*n + 0*n - 4 = f. What is the units digit of c?
2
Let k = -19 + 13. Suppose 8*s = 3*s + 15, 14 = -5*z - 2*s. Let f = z - k. What is the units digit of f?
2
Let f be 2 - (2 - 4 - 1). Suppose f*i + 9 - 34 = 0. Suppose i*b = 2*b + 12. What is the units digit of b?
4
Let n = -8 + 16. Suppose -n*h = -4*h - 4. What is the units digit of h?
1
Let j(l) be the first derivative of 13*l**6/120 + l**4/24 - l**3/6 + 3*l**2/2 + 1. Let h(b) be the second derivative of j(b). What is the units digit of h(1)?
3
Let p(i) = 2*i**2 + 8*i - 1. What is the units digit of p(-5)?
9
Suppose 15*g = 17*g - 236. What is the tens digit of g?
1
Let v = 95 + -40. What is the tens digit of v?
5
Suppose -3*x + 24 = x. Suppose -3*q - 5*u = -65, -2*q + x*u + 85 = u. Suppose 0 = 3*f + 3*m - q, 0*m = 5*f + 4*m - 49. What is the units digit of f?
9
Let k = 4 + -2. Let i(u) = 6*u**2 - u + 2. Let v be i(k). Suppose 4*j = 2*o + v, 0 = -3*o - 0*o. What is the units digit of j?
6
Suppose 0 = -5*c - 0*c + 355. Let i = 115 - c. Suppose 2*t - 2*g = 20, 3*g - i = -5*t + 5*g. What is the units digit of t?
8
Suppose 6*m - 3 = 15. What is the units digit of m?
3
Let p(i) = -i**2 + 6*i - 5. Let s be p(6). Let y(b) = -2*b - 7. What is the units digit of y(s)?
3
Suppose 4*x = -5*v + 37, -7 = -v - 4*x + 10. Suppose z - 4 = 0, v*i - 149 = -5*z + 176. Suppose -t - 6 = -l + 5, 0 = 5*l + t - i. What is the units digit of l?
2
Suppose -4*u + 2 = -2*k - 4, 2*u - 2 = 2*k. What is the units digit of u?
2
Let w(u) = 4*u**3 - 2*u**2 + 4*u - 11. Let k(h) = -11*h**3 + 5*h**2 - 11*h + 32. Let o(c) = 3*k(c) + 8*w(c). What is the units digit of o(0)?
8
Let z(u) = u**2 - 11*u + 13. Let t be z(10). Let c = t + 39. What is the units digit of c?
2
Let g(w) = -21*w + 1. Let i be g(1). What is the tens digit of (22/8)/((-5)/i)?
1
Let z = -19 - 75. What is the units digit of z/(-8) + 1/4?
2
Let c = 8 - 6. Suppose -g + c*d = d - 27, 4*g = 5*d + 107. What is the units digit of g?
8
Let a(h) = 4*h - 3*h - 2*h. Let w be a(-4). Suppose -3*d + 30 = 4*o, -5 - 7 = -4*d + w*o. What is the units digit of d?
6
Suppose 2*b = -2*i + 32, 2*i + 0*b = 5*b + 67. Let m = i + -14. What is the units digit of m?
7
Let r(l) = l**2 - 11*l - 14. What is the units digit of r(-9)?
6
Suppose 41 = 3*d + 5*z, -5*d + 20 = -d - 2*z. What is the units digit of d?
7
Let x = -1 - -30. What is the tens digit of x?
2
Suppose -1728 = 3*d - 11*d. What is the units digit of d?
6
Let k be 4/10 - (-52)/20. Suppose q + 22 = 4*q + j, -q + 4 = -k*j. Let z = q + -1. What is the units digit of z?
6
Suppose 0 = -3*z + 2 - 14, -5*z - 8 = 3*a. Suppose a*n + 12 = h, -n - 2*h = -3*h + 6. Let u = 5 + n. What is the units digit of u?
3
Suppose -3*k + 14 + 3 = -2*i, -3*k - 2*i + 1 = 0. Suppose h + k*q = 0, 3*h - 3*q = -2 - 10. Let j = h - -5. What is the units digit of j?
2
Suppose 7*n - 4*n = 111. What is the units digit of n?
7
Let r(p) = -2*p - 5. Let y be r(-4). Suppose 2*s - 4*u - 2 = -4, -5*s - y*u = -21. What is the units digit of s?
3
Let m(x) = 2*x. Let b be m(2). Let c be 54/10 + b/(-10). Suppose 0 = -j - 3*u - 6, -c*j + 8 = u - 32. What is the units digit of j?
9
Let v(b) = b. Let p(u) = -6*u + 6. Let q(o) = -p(o) - 5*v(o). What is the units digit of q(9)?
3
Let s(l) = l. Let v be s(1). Suppose 0 = 3*t - 10 + v. Let k = t + 4. What is the units digit of k?
7
Let b = -47 + 90. What is the tens digit of b?
4
Let j(b) = b**2 + 4*b + 1. Suppose 2 = -3*v + 2*y + 2*y, v - 5*y - 14 = 0. What is the tens digit of j(v)?
1
Let s(t) = -t**3 + 7*t**2 - 4*t - 8. Let a = -22 - -36. Let f = -8 + a. What is the units digit of s(f)?
4
Suppose 0 = -3*v + 5*v - 6. Suppose -c + v*u = 7*u - 25, 2*c - 2*u = 20. What is the units digit of c?
3
Let t = 51 + -31. Suppose 0 = 5*b - 0*l - 3*l - 45, 5*b = -2*l + t. Suppose 2*p - b = -4. What is the units digit of p?
1
Suppose g = 3*d + 66, 3*d + 2 - 68 = -g. What is the units digit of g?
6
Let m(x) = 11*x. Let y be m(-1). What is the units digit of 4/(-3)*(y - -2)?
2
Let o(b) = -b**3 + 7*b**2 + 9*b - 3. Let h be 76/10 - (-6)/15. Let m be o(h). Suppose 4*x - 3 - m = 0. What is the units digit of x?
2
Suppose -2*d + 110 = 5*h, 4*h - 4*d = 23 + 65. What is the units digit of h?
2
Let y = 0 - -4. Suppose -2*t = -0 - y. What is the units digit of t?
2
Let b(s) = -s - 1. Let a be b(-4). Let z be (-5)/(-15) + (-1)/a. Suppose z = x - 0 - 1. What is the units digit of x?
1
Suppose -120 = -3*g - 3*v, 3*g - v - 151 + 51 = 0. Suppose -2*o + g = 3*o. What is the units digit of o?
7
Let s(c) = c**3 - 24*c**2 + 33*c + 5. What is the hundreds digit of s(23)?
2
Let k(l) = -8*l**3 - 2*l**2 - 2*l - 1. Suppose 4*q - 10 = 2. Let m be (q/((-3)/2))/2. What is the units digit of k(m)?
7
Let n(w) be the third derivative of 0 + 4*w**2 + 0*w - 1/6*w**4 - 5/6*w**3. What is the tens digit of n(-4)?
1
Let w be (-5)/((-2)/1 + 1). Suppose 3*a - 4 = w, -3*a - 131 = 5*f. What is the units digit of 94/14 + (-8)/f?
7
Let u = -10 - -15. Suppose 0 = -u*l + 14 + 11, 0 = -5*o + 5*l + 15. Suppose 7 = 5*t - o. What is the units digit of t?
3
Let c = 227 - 59. What is the tens digit of c?
6
Suppose 4*t + 3*u - 63 = 96, 5*u + 155 = 5*t. Suppose 0*z = -4*z + t. What is the units digit of z?
9
Let z(y) = y**3 + 8*y**2 - 11*y - 9. Let q(o) = -o**2 - 5*o - 3. Let t be q(-6). What is the units digit of z(t)?
9
Let n(r) = r + 1. Let v(x) = -x - 8. Let h be v(-7). Let o be n(h). Suppose o*y - 40 = -4*s - 4*y, 5*y - 14 = -s. What is the units digit of s?
9
Suppose 4*b = 6*b - 2. Suppose a = 5*s + 18, 3*a - 6 + 0 = 3*s. What is the tens digit of b + 9 - (0 + a)?
1
Let u(w) = 5*w + 3. Let a be u(3). Let n be (a/15)/(2/10). What is the units digit of (-18)/12*(-4)/n?
1
Let l(r) be the second derivative of -r**3/6 + r**2 - 2*r. Let g be l(4). What is the units digit of 8 + 0 + g/2?
7
Suppose 2*l + 35 = -5*b + 4*l, 2*b + l = -5. Let v = b + 8. What is the units digit of (2 + 2)/(-1 + v)?
2
Let c(v) = 5*v**3 + 0*v + 5*v**2 - 6*v**3 - v + 6. Let n be c(5). What is the units digit of (1/n)/(1/3)?
3
Let b(n) = -n**3 - 12*n**2 + 12*n - 9. Suppose 0 = -5*a + 3*o - 65, 5*a + 4*o + 51 + 14 = 0. What is the units digit 